13
ba1
1807 (base 13) to base 10
3556
-47a1 (base 12) to base 16
-1f69
14324 (base 8) to base 7
24350
Convert -3c9 (base 14) to base 6.
-3313
What is -21133133 (base 4) in base 11?
-27235
-113432 (base 5) to base 2
-1000010010010
What is 2251 (base 6) in base 9?
654
Convert 1807 (base 10) to base 9.
2427
-8270 (base 14) to base 5
-1204232
-868 (base 16) to base 9
-2851
a120 (base 14) to base 7
143440
Convert -13052 (base 7) to base 3.
-11202102
What is -1102021 (base 5) in base 2?
-100101001000011
What is -87e (base 15) in base 8?
-3577
Convert 50b (base 13) to base 2.
1101011000
-334324 (base 5) to base 6
-130451
Convert 294 (base 13) to base 5.
3314
Convert b91 (base 13) to base 10.
1977
What is -c78 (base 14) in base 7?
-10111
Convert -4101 (base 7) to base 6.
-10330
-949 (base 16) to base 11
-1871
Convert -2a41 (base 11) to base 3.
-12101002
Convert -202110 (base 3) to base 10.
-552
Convert -221412 (base 6) to base 14.
-6a64
What is -101102 (base 4) in base 11?
-916
-8c3 (base 15) to base 4
-132333
Convert -1312 (base 9) to base 14.
-503
Convert -110010001111 (base 2) to base 6.
-22515
What is 7340 (base 9) in base 7?
21456
6872 (base 13) to base 11
aa98
What is 395 (base 11) in base 4?
13103
Convert -617 (base 14) to base 6.
-5313
Convert 24314 (base 5) to base 7.
5230
What is -55343 (base 9) in base 10?
-36732
Convert -212010 (base 3) to base 12.
-440
-1011101010 (base 2) to base 8
-1352
What is -1cc1 (base 15) in base 9?
-8521
What is 344 (base 14) in base 8?
1210
What is 12010023 (base 4) in base 7?
132300
What is 34544 (base 6) in base 13?
2347
Convert 1425 (base 6) to base 12.
275
What is -1010302 (base 4) in base 13?
-2008
Convert 27a (base 13) to base 11.
36a
Convert -c8b4 (base 15) to base 10.
-42469
What is -1940 (base 12) in base 10?
-3072
Convert -140351 (base 6) to base 16.
-332b
106 (base 13) to base 14
c7
506 (base 7) to base 6
1055
Convert -470 (base 14) to base 8.
-1562
-10440 (base 10) to base 13
-49a1
-26774 (base 9) to base 5
-1040010
32 (base 4) to base 3
112
What is -10aa3 (base 11) in base 16?
-3e5c
Convert -101101000111100 (base 2) to base 9.
-34616
Convert 4013 (base 7) to base 13.
824
Convert 3312 (base 5) to base 15.
207
-13625 (base 13) to base 7
-210350
556 (base 11) to base 8
1232
Convert -394 (base 10) to base 15.
-1b4
Convert -244 (base 8) to base 3.
-20002
d19 (base 15) to base 6
21353
What is -11011010011 (base 2) in base 13?
-a45
What is 23a (base 11) in base 8?
435
1000001 (base 2) to base 6
145
Convert 12a9 (base 11) to base 6.
11500
Convert -1024540 (base 6) to base 3.
-2120000120
13101 (base 5) to base 13
60c
Convert -665 (base 14) to base 2.
-10011110001
What is -2d1 (base 14) in base 13?
-353
What is -3203 (base 4) in base 5?
-1402
What is -2404 (base 6) in base 10?
-580
What is 26660 (base 7) in base 11?
5452
220002200 (base 3) to base 2
100010010100000
-837 (base 10) to base 2
-1101000101
Convert 29593 (base 11) to base 13.
16144
What is -132323 (base 4) in base 14?
-a15
300044 (base 6) to base 10
23356
What is 10160 (base 8) in base 2?
1000001110000
What is -20350 (base 7) in base 3?
-20211121
Convert 1000110010110110 (base 2) to base 13.
1351c
What is 232205 (base 7) in base 2?
1010001010000110
What is 22014 (base 6) in base 10?
3034
What is 1233 (base 9) in base 11?
768
What is 10100110101001 (base 2) in base 5?
320130
Convert 320 (base 10) to base 9.
385
1191 (base 10) to base 12
833
What is 101101100001010 (base 2) in base 3?
1011222012
What is 220200 (base 3) in base 11?
556
-755 (base 9) to base 14
-321
ab5 (base 16) to base 14
ddb
14573 (base 11) to base 4
11002222
What is 299 (base 12) in base 11?
339
-2377 (base 9) to base 10
-1771
What is -2020 (base 5) in base 10?
-260
4b2 (base 15) to base 3
1110112
Convert -9894 (base 12) to base 16.
-41b0
Convert -3311103 (base 4) to base 6.
-200403
-158b (base 12) to base 9
-3448
3563 (base 7) to base 12
91b
2524 (base 6) to base 4
21310
5ab (base 12) to base 11
704
241 (base 5) to base 16
47
Convert -2799 (base 15) to base 11.
-63aa
What is -41 (base 12) in base 5?
-144
What is -2205 (base 7) in base 4?
-30111
-14 (base 15) to base 11
-18
What is 3100311 (base 4) in base 9?
20300
What is -2203 (base 16) in base 11?
-65a6
-51220 (base 7) to base 6
-133404
2858 (base 9) to base 7
6203
12000202 (base 3) to base 13
188c
Convert -1054 (base 6) to base 8.
-372
-3da (base 16) to base 12
-6a2
Convert -2444 (base 10) to base 13.
-1160
What is -2431 (base 11) in base 6?
-22420
Convert -17 (base 10) to base 13.
-14
Convert 4333 (base 5) to base 8.
1121
531 (base 11) to base 4
21333
Convert 85b5 (base 12) to base 2.
11100101011001
What is -113323 (base 4) in base 10?
-1531
What is -1345 (base 7) in base 11?
-436
Convert -190 (base 12) to base 8.
-374
-a251 (base 13) to base 11
-158a0
379 (base 10) to base 9
461
What is -47e4 (base 16) in base 14?
-69c8
38112 (base 9) to base 6
314315
Convert 13255 (base 8) to base 13.
2847
What is -14500 (base 6) in base 4?
-210210
2023 (base 12) to base 16
d9b
What is b08 (base 14) in base 9?
2864
What is 1632 (base 12) in base 5?
41010
-11001101 (base 2) to base 14
-109
What is -344223 (base 5) in base 13?
-587a
What is 1000122 (base 4) in base 13?
1b51
What is 764 (base 12) in base 14?
576
-87a (base 15) to base 8
-3573
31132222 (base 4) to base 15
1155a
What is 101012 (base 3) in base 5?
2100
15472 (base 10) to base 8
36160
Convert 2404 (base 5) to base 7.
1014
What is 21213 (base 7) in base 4?
1102011
-10304 (base 5) to base 6
-3132
Convert 1031 (base 9) to base 13.
463
Convert -21d (base 14) to base 2.
-110100011
690 (base 10) to base 7
2004
Convert 10010101 (base 2) to base 10.
149
What is -414 (base 7) in base 16?
-cf
What is -11242 (base 6) in base 15?
-725
Convert -10101100101 (base 2) to base 11.
-1046
Convert -19d4 (base 14) to base 7.
-16454
-a4bb (base 14) to base 16
-6ee5
What is -3451 (base 7) in base 13?
-760
-110110 (base 6) to base 4
-2032122
What is 12e3 (base 16) in base 13?
227c
-2334 (base 8) to base 4
-103130
Convert -10241 (base 6) to base 5.
-21033
-10222202 (base 3) to base 13
-142a
-3944 (base 13) to base 12
-4888
a200 (base 14) to base 5
1342312
-1122222 (base 3) to base 8
-2276
What is 7378 (base 12) in base 4?
3011030
What is -1110010110111 (base 2) in base 14?
-2971
-10965 (base 10) to base 3
-120001010
What is -270 (base 12) in base 13?
-228
What is -264 (base 11) in base 10?
-312
What is 22130 (base 4) in base 5?
10133
Convert -1113 (base 5) to base 7.
-314
What is 3477 (base 9) in base 4?
220111
Convert 111110011 (base 3) to base 13.
4603
What is 322020 (base 4) in base 16?
e88
What is -42014 (base 5) in base 3?
-10210012
-155513 (base 6) to base 13
-70b3
What is -1910b (base 12) in base 16?
-8e5b
-503 (base 11) to base 12
-428
What is -adb (base 15) in base 6?
-15212
Convert -803 (base 10) to base 9.
-1082
Convert -701 (base 9) to base 15.
-27d
What is -10433 (base 5) in base 13?
-452
Convert 1259 (base 10) to base 14.
65d
210000 (base 3) to base 2
1000110111
Convert 8170 (base 12) to base 15.
426c
-123 (base 12) to base 2
-10101011
What is 11113 (base 5) in base 16?
30f
What is -687 (base 14) in base 10?
-1295
What is -3cc (base 15) in base 5?
-11432
13332 (base 5) to base 7
3120
120111 (base 5) to base 12
2672
-240033 (base 5) to base 3
-110000202
What is -110100011011100 (base 2) in base 4?
-12203130
What is 14e97 (base 15) in base 4?
100131121
What is -2121 (base 5) in base 6?
-1154
Convert -235262 (base 7) to base 9.
-64475
What is -1348 (base 9) in base 3?
-1101122
Convert 10 (base 8) to base 11.
8
What is -110430 (base 6) in base 3?
-110200000
1131013 (base 4) to base 16
1747
Convert -762 (base 8) to base 14.
-278
Convert 754 (base 8) to base 11.
408
What is 1202212 (base 3) in base 4?
110030
What is -100110111001 (base 2) in base 16?
-9b9
Convert -54843 (base 9) to base 5.
-2131113
What is -b894 (base 14) in base 7?
-161644
What is -871 (base 10) in base 9?
-1167
What is 5dc0 (base 16) in base 13?
ac02
-2237 (base 10) to base 4
-202331
Convert -6db (base 16) to base 5.
-24010
What is 78b (base 15) in base 11?
1311
Convert -1120101 (base 3) to base 7.
-3223
Convert -3164 (base 7) to base 15.
-4ee
What is 12942 (base 14) in base 6?
551410
What is -101022 (base 4) in base 3?
-1111